-29
What is 14 (base 5) in base 15?
9
-441 (base 6) to base 8
-251
Convert -1 (base 11) to base 8.
-1
Convert -a6 (base 12) to base 9.
-150
Convert -18 (base 14) to base 7.
-31
What is 101 (base 2) in base 9?
5
Convert -3 (base 9) to base 8.
-3
What is -7 (base 10) in base 3?
-21
What is -1 (base 4) in base 5?
-1
What is 102 (base 4) in base 11?
17
What is -9c (base 13) in base 11?
-108
-100 (base 6) to base 7
-51
What is 22 (base 12) in base 13?
20
What is -80 (base 9) in base 11?
-66
What is 2 (base 11) in base 9?
2
Convert 12 (base 10) to base 8.
14
Convert -11 (base 10) to base 6.
-15
What is -11 (base 15) in base 8?
-20
-a (base 16) to base 6
-14
-1 (base 4) to base 12
-1
Convert 111 (base 2) to base 5.
12
Convert -6 (base 12) to base 2.
-110
Convert c (base 15) to base 2.
1100
What is -195 (base 11) in base 3?
-22100
3 (base 16) to base 9
3
What is 0 (base 2) in base 16?
0
Convert -8 (base 12) to base 11.
-8
What is 1111110 (base 2) in base 15?
86
62 (base 11) to base 9
75
Convert -6 (base 14) to base 16.
-6
What is -232 (base 4) in base 16?
-2e
What is -26 (base 10) in base 4?
-122
10 (base 10) to base 11
a
14 (base 8) to base 11
11
-11 (base 16) to base 11
-16
What is -55 (base 10) in base 3?
-2001
171 (base 8) to base 16
79
312 (base 4) to base 2
110110
What is -1 (base 12) in base 10?
-1
Convert 31 (base 5) to base 7.
22
2 (base 8) to base 12
2
b (base 14) to base 11
10
Convert 23 (base 12) to base 7.
36
-68 (base 9) to base 3
-2022
75 (base 12) to base 11
81
What is -6 (base 8) in base 14?
-6
What is 0 (base 13) in base 6?
0
-3 (base 5) to base 8
-3
What is 44 (base 9) in base 7?
55
-24 (base 6) to base 15
-11
Convert 4 (base 16) to base 5.
4
-30 (base 5) to base 16
-f
Convert -6 (base 9) to base 3.
-20
10 (base 3) to base 16
3
What is 14 (base 13) in base 6?
25
-8 (base 13) to base 12
-8
-c (base 15) to base 11
-11
Convert -b (base 16) to base 6.
-15
Convert 41 (base 5) to base 9.
23
What is 14 (base 6) in base 10?
10
Convert 0 (base 6) to base 10.
0
0 (base 9) to base 7
0
What is -1a (base 15) in base 8?
-31
Convert -134 (base 6) to base 9.
-64
Convert 33 (base 11) to base 16.
24
4 (base 10) to base 16
4
c (base 14) to base 7
15
18 (base 14) to base 2
10110
222 (base 3) to base 16
1a
Convert -2340 (base 5) to base 4.
-11121
Convert 0 (base 14) to base 8.
0
What is 125 (base 7) in base 12?
58
-20 (base 3) to base 16
-6
42 (base 5) to base 9
24
0 (base 15) to base 13
0
What is 2 (base 16) in base 8?
2
Convert -1c (base 14) to base 5.
-101
What is 0 (base 9) in base 3?
0
What is 5 (base 14) in base 9?
5
What is 51 (base 16) in base 10?
81
35 (base 8) to base 11
27
-41 (base 15) to base 6
-141
What is 1 (base 5) in base 14?
1
1 (base 15) to base 7
1
6 (base 10) to base 9
6
What is -41 (base 10) in base 16?
-29
Convert 56 (base 14) to base 11.
6a
What is -1 (base 5) in base 9?
-1
What is -2 (base 6) in base 16?
-2
What is -6 (base 8) in base 13?
-6
What is 514 (base 6) in base 16?
be
-50 (base 9) to base 15
-30
What is 111 (base 4) in base 12?
19
What is 9 (base 14) in base 10?
9
Convert -3 (base 6) to base 2.
-11
What is 1 (base 9) in base 16?
1
-3 (base 6) to base 15
-3
What is -1 (base 15) in base 10?
-1
-1001 (base 2) to base 11
-9
11 (base 2) to base 13
3
What is 24 (base 11) in base 14?
1c
Convert 1 (base 16) to base 4.
1
-6 (base 7) to base 15
-6
Convert -62 (base 7) to base 10.
-44
Convert 0 (base 11) to base 9.
0
What is -343 (base 8) in base 4?
-3203
-1 (base 6) to base 10
-1
-11 (base 6) to base 14
-7
Convert 24 (base 6) to base 3.
121
What is -6 (base 7) in base 2?
-110
a (base 14) to base 10
10
-1112 (base 6) to base 10
-260
What is -3 (base 15) in base 7?
-3
What is 145 (base 12) in base 7?
401
33 (base 7) to base 10
24
Convert -2b (base 14) to base 7.
-54
Convert 68 (base 10) to base 11.
62
Convert 1 (base 11) to base 14.
1
Convert 12 (base 14) to base 9.
17
What is -21 (base 5) in base 16?
-b
Convert 4 (base 11) to base 13.
4
What is -6 (base 15) in base 12?
-6
-37 (base 16) to base 10
-55
-5 (base 6) to base 4
-11
7 (base 14) to base 2
111
5 (base 7) to base 8
5
What is 100 (base 2) in base 10?
4
What is 1 (base 7) in base 2?
1
2 (base 11) to base 8
2
What is 22 (base 3) in base 15?
8
What is 4 (base 14) in base 3?
11
What is 110 (base 4) in base 2?
10100
Convert 130 (base 4) to base 6.
44
1 (base 11) to base 16
1
Convert -1 (base 11) to base 13.
-1
What is 6 (base 15) in base 10?
6
Convert -4 (base 14) to base 15.
-4
-18 (base 9) to base 8
-21
-1a (base 13) to base 15
-18
-81 (base 14) to base 2
-1110001
What is -32 (base 5) in base 9?
-18
-100 (base 5) to base 10
-25
1a (base 14) to base 10
24
-3e (base 16) to base 3
-2022
318 (base 9) to base 13
170
235 (base 8) to base 16
9d
Convert 1 (base 10) to base 13.
1
Convert 16 (base 10) to base 9.
17
What is -2 (base 5) in base 10?
-2
Convert -7a (base 14) to base 9.
-130
What is 81 (base 10) in base 16?
51
Convert -70 (base 8) to base 15.
-3b
-1111100 (base 2) to base 6
-324
Convert -17 (base 13) to base 7.
-26
What is -10 (base 2) in base 6?
-2
Convert -29 (base 10) to base 6.
-45
6 (base 16) to base 14
6
Convert 33 (base 9) to base 5.
110
-30 (base 5) to base 12
-13
What is 1c (base 13) in base 12?
21
Convert 1 (base 4) to base 12.
1
Convert 2 (base 12) to base 7.
2
What is 46 (base 8) in base 14?
2a
Convert 4 (base 12) to base 10.
4
a (base 15) to base 9
11
46 (base 7) to base 11
31
Convert 2 (base 8) to base 6.
2
Convert 155 (base 8) to base 10.
109
What is -4 (base 13) in base 11?
-4
What is -69 (base 10) in base 8?
-105
What is 54 (base 6) in base 2?
100010
Convert 1 (base 15) to base 6.
1
Convert -3 (base 7) to base 6.
-3
What is -3 (base 10) in base 16?
-3
Convert 5 (base 15) to base 13.
5
What is 21 (base 11) in base 6?
35
-320 (base 5) to base 12
-71
2 (base 6) to base 2
10
Convert 99 (base 15) to base 7.
264
What is -1 (base 3) in base 4?
-1
Convert 222 (base 3) to base 15.
1b
-5 (base 9) to base 12
-5
What is 30 (base 11) in base 13?
27
-4 (base 7) to base 13
-4
What is -21 (base 3) in base 12?
-7
What is 0 (base 8) in base 6?
0
Convert -25 (base 13) to base 16.
-1f
-3 (base 13) to base 11
-3
What is -1 (base 16) in base 4?
-1
Convert -1 (base 7) to base 12.
-1
What is -17 (base 9) in base 11?
-15
Convert 121 (base 7) to base 15.
44
Convert -19 (base 15) to base 6.
-40
What is -11101101 (base 2) in base 13?
-153
What is -6 (base 11) in base 16?
-6
-76 (base 16) to base 2
-1110110
What is 11101010 (base 2) in base 8?
352
Convert -20 (base 12) to base 16.
-18
What is 0 (base 5) in base 7?
0
Convert 22 (base 3) to base 5.
13
What is -4 (base 11) in base 5?
-4
6 (base 8) to base 16
6
Convert 56 (base 9) to base 8.
63
-213 (base 4) to base 9
-43
Convert c (base 13) to base 7.
15
6e (base 16) to base 15
75
-9 (base 15) to base 11
-9
-11 (base 5) to base 6
-10
Convert -38 (base 13) to base 6.
-115
-a9 (base 12) to base 16
-81
Convert -15 (base 7) to base 2.
-1100
Convert -2 (base 10) to base 9.
-2
Convert 3 (base 4) to base 5.
3
Convert 10 (base 5) to base 16.
5
-3 (base 12) to base 15
-3
What is -231 (base 4) in base 2?
-101101
-95 (base 16) to base 7
-302
What is 4 (base 16) in base 8?
4
Convert 2002 (base 3) to base 10.
56
What is -1 (base 13) in base 14?
-1
Convert 120 (base 8) to base 2.
1010000
Convert -1 (base 5) to base 11.
-1
-4 (base 6) to base 10
-4
Convert 222 (base 3) to base 5.
101
What is 3 (base 9) in base 11?
3
What is a3 (base 15) in base 7?
306
Convert -100 (base 3) to base 9.
-10
What is -14 (base 15) in base 4?
-103
Convert -1003 (base 4) to base 13.
-52
9 (base 12) to base 5
14
Convert 4 (base 14) to base 12.
4
-64 (base 8) to base 7
-103
Convert -62 (base 8) to base 3.
-1212
Convert -30 (base 5) to base 9.
-16
What is 8 (base 11) in base 14?
8
What is -b (base 13) in base 4?
-23
What is 37 (base 11) in base 4?
220
-202 (base 7) to base 5
-400
Convert 10 (base 3) to base 13.
3
What is -11 (base 7) in base 16?
-8
What is -68 (base 11) in base 9?
-82
What is -24 (base 5) in base 2?
-1110
-2 (base 12) to base 10
-2
-12100 (base 3) to base 8
-220
What is -3 (base 9) in base 8?
-3
-3 (base 13) to base 10
-3
Convert 5 (base 10) to base 2.
101
Convert -14 (base 7) to base 15.
-b
What is 2 (base 10) in base 4?
2
Convert -1 (base 10) to base 4.
-1
C